 s is divided by 3?
2
Suppose -6*a + 70 = -a. Calculate the remainder when 26 is divided by a.
12
Let z = 99 - 7. What is the remainder when 2/3 + z/6 is divided by 9?
7
Let j = -11 - -16. Let k(z) = -z**3 + 5*z**2 + 6*z + 7. Calculate the remainder when k(j) is divided by 19.
18
Let r(y) = -y**3 + 3*y - 4. Suppose 10 = -b - 7. Let l = -12 - b. What is the remainder when r(-3) is divided by l?
4
Suppose g - 2 = -h, -4*g - 6 = -h - 7*g. Suppose h*o = 4*o - 44. Calculate the remainder when 30 is divided by o.
8
Suppose 0 = 5*b - 2*b - 15. Suppose 4*q + 3*r - 88 = -q, 5*q = -b*r + 90. What is the remainder when q is divided by 9?
8
Let t(u) = -u**3 + u**2 - 1. Calculate the remainder when t(-3) is divided by (-2)/(-8) + (-188)/(-16).
11
Suppose -o - q - 1 = -3*q, -q = -2*o + 13. Let b be (-1 - (-6 - -4)) + -1. Suppose b = m - 11 - o. What is the remainder when m is divided by 11?
9
Suppose 2*j = -j + 12. Suppose -j*x - 3*o = -76, -2*x = 2*o - 20 - 18. Calculate the remainder when 53 is divided by x.
15
Let y(n) = -n**3 + 8*n**2 + 2*n - 11. Let t be y(8). Suppose p = 5*z + 2, -2*p = -t*p + 2*z + 32. Calculate the remainder when 46 is divided by p.
10
Let t = 22 - 10. What is the remainder when 23 is divided by t?
11
Suppose -2*o = 3*o - 25. Suppose 0 = -3*p - o*q + 148, 4*p - 328 = 2*q - 122. Calculate the remainder when p is divided by 18.
15
Let d = -63 - -100. Suppose -2*q = -2*a + 60, 5*q = a - d - 1. What is the remainder when a is divided by 10?
8
Suppose -18 = -z + 5*f, 2*f - 94 = -2*z - 2*z. Calculate the remainder when 114 is divided by z.
22
Suppose -4*p + 17 = 6*d - d, 4*d + 4*p = 12. Let j = -15 + 56. Let c = j - 27. Calculate the remainder when c is divided by d.
4
Let u(r) = 32*r**3 + r**2 + 2*r - 2. Let b(h) = -h**3 + 8*h**2 - 10*h + 6. Calculate the remainder when u(1) is divided by b(6).
15
Suppose 5 = -3*l + 26. Calculate the remainder when 2 + -5 + 1 + 27 is divided by l.
4
Let x be 6/24 - 11/(-4). Suppose 2*q + 3*v = 15, x*v + 2 + 25 = 5*q. Calculate the remainder when 17 is divided by q.
5
Let w = 48 - 9. What is the remainder when w is divided by 21?
18
Let k(b) = -4*b - 2. Suppose -4*p - 512 = -4*u, u - 408 = -2*u - 5*p. Suppose 3*n = u - 14. Calculate the remainder when n is divided by k(-3).
9
Suppose -2*p + h + 12 = 0, -p - h = p - 8. What is the remainder when 19 is divided by p?
4
Suppose -m + 5*m - 36 = 5*a, -5*m + 36 = -4*a. Suppose -7 = 2*h - 3*h. Let k = h - 1. What is the remainder when k is divided by m?
2
Suppose 3*t - 12 = -r + 3, 3*r - 25 = -5*t. Suppose -99 - 31 = -t*w. What is the remainder when w is divided by 3 + -1 + -2 + 7?
5
Let d(c) = -3*c + 6*c - 4*c. Suppose -w - 4*w = 5. Calculate the remainder when d(w) is divided by 1.
0
Suppose 3*z - 6 = 2*d, 2*z - 3 - 1 = 4*d. Suppose -91 = -5*l + 79. Suppose d*b + b - 19 = -4*p, 4*b - 5*p = l. What is the remainder when 21 is divided by b?
10
Suppose -4*k + 5*y + 204 = 0, -3*k + 51 = -2*k + y. What is the remainder when k is divided by 18?
15
Let t be (-40)/5*(3 - 2). Calculate the remainder when 10/1 - (t - -6) is divided by 7.
5
Suppose 0*z - 6 = -z - 3*x, 0 = 2*x + 2. Let t(f) = 36*f**2 - 2*f + 1. What is the remainder when t(1) is divided by z?
8
Let i be 1*0/1 - -48. Let a(n) = 5*n - 2. Calculate the remainder when a(6) is divided by (-2 + i/9)*3.
8
Suppose 0 = 5*u + 5, -a + 0*a = 4*u + 3. Suppose 0 = 3*y + 16 + 11. Let m = -8 - y. Calculate the remainder when a is divided by m.
0
Let m be 103/(-5) + (-4)/10. Let i = m - -29. Suppose 14*t - 15*t + 5 = 0. Calculate the remainder when i is divided by t.
3
Let c be (-16)/12*(-4 - -1). Suppose c*b - 95 = -b. Calculate the remainder when 73 is divided by b.
16
Let z = -3 + -2. Let j = -1 - z. Suppose -b - 3*l = -4*b + 15, 0 = -j*b - 2*l + 8. What is the remainder when b is divided by 2?
1
Let c(j) = -j - 7. Let i be c(0). Let x = i - -17. What is the remainder when (87/12)/((-3)/(-12)) is divided by x?
9
Let y = 5 - 5. Suppose 0 = 4*h - 0*f + 2*f - 6, y = -h + 4*f + 15. What is the remainder when 7 is divided by h?
1
Let z(y) = 4*y + 5. Let x be 10/(-1 + (5 - 2)). Calculate the remainder when z(x) is divided by 9.
7
Suppose -4*k + 12 = 0, 2*l + k - 348 = -l. What is the remainder when l is divided by 39?
37
Suppose -8 = -s + 6. Let m(j) = j + 20. Let z be m(0). What is the remainder when z/(-50) + 404/10 is divided by s?
12
Let z = -13 + 30. Suppose 5*s = -4*a + 44, 2*s - 9 = -3*a + z. What is the remainder when 10 is divided by a?
4
Let h(j) = 2*j**2 - 5*j + 4. Let p = 11 - 8. Calculate the remainder when h(4) is divided by p - -2*9/6.
4
Calculate the remainder when (43/5)/(4 + (-133)/35) is divided by 9.
7
Let s = 89 - 37. What is the remainder when s is divided by 9?
7
Let h be (-12)/3*3/(-6). Suppose 0 = d - 2*d - h. What is the remainder when 25 is divided by (-4)/12*78/d?
12
What is the remainder when 30 + 0/(0 - -4) is divided by 11?
8
Let h be (-22)/(-4) - (-1)/2. Suppose 4 = -2*p + 5*p - 2*i, -3*i = -5*p + 7. Calculate the remainder when 11 is divided by h*(2/(-2) + p).
5
Suppose 4*d - 35 - 13 = 0. Let r = 5 + -1. Suppose -115 = -r*j - 27. What is the remainder when j is divided by d?
10
Let l(c) = -c**3 - 7*c**2 + 2*c - 32. Suppose -2*a = -a - 45. What is the remainder when a is divided by l(-8)?
13
Let o = 68 + -45. Calculate the remainder when o is divided by 13.
10
Suppose 3*u + 19 = 2*j, 5*u - 31 + 2 = -j. Let o(n) = -n**2 - 4*n - 5. Let m be o(-5). Let h = m - -50. What is the remainder when h is divided by j?
12
Let j(q) = -3*q + 1. Suppose 5*a = -d - 42, 2*d - 6 = 3*a + 14. What is the remainder when 97 is divided by j(a)?
22
Suppose -12 = 3*h, p + 3*h + 1 = -2*h. Let o = 122 - 47. Calculate the remainder when o is divided by p.
18
Suppose -35 = -3*w - 5*u - 13, -w + 11 = -2*u. What is the remainder when 13 is divided by w?
4
Suppose 21 = x + 2*x. Let a = 14 + x. Suppose 0 = 3*z - 60 - 63. Calculate the remainder when z is divided by a.
20
Let f = -40 + 51. What is the remainder when 38 is divided by f?
5
Suppose 5*l - 2*l - 25 = -2*a, 5*a - 17 = -l. What is the remainder when 39 is divided by l?
4
Suppose 0 = -f - 4*l + 68, 5*f - 2*l + 0*l - 318 = 0. What is the remainder when f is divided by 22?
20
Suppose -2 = -x + 1. What is the remainder when (4/(-14))/(2/(-42)) is divided by x?
0
Let c be ((-2)/(-6))/((-2)/(-30)). Suppose 4*p = c*v + 94, 3*p + p - 86 = v. What is the remainder when p is divided by 12?
9
Calculate the remainder when 104 is divided by 2*(-3 + 5)*106/8.
51
Let y = 9 - 15. Let m(s) = -s**3 - 5*s**2 + 4*s - 1. Let l(x) = -3*x + 2. What is the remainder when l(-6) is divided by m(y)?
9
Let q = -20 + 11. Let z(a) = 6 - 9*a**2 - 16 + a**3 - 5*a - 2*a**3. What is the remainder when z(q) is divided by 12?
11
Let s be (-3)/(((-9)/2)/(-3)). Let j(z) = -15*z**3 - 2*z**2 + 3*z + 3. What is the remainder when j(-1) is divided by (s - -3) + (1 - -3)?
3
Let r(q) = -q + 62. Calculate the remainder when r(0) is divided by 1 - (4 - 6 - 13).
14
Let s = 27 - -26. Let i be 0 + -21 + 1 + -3. Let p = -5 - i. Calculate the remainder when s is divided by p.
17
Suppose 4*i - i - 12 = 0. Let n(x) = -x - 1. Let v(a) = 3*a - 5. Let u(l) = i*n(l) - v(l). Calculate the remainder when u(-4) is divided by 10.
9
Suppose 4*b + 32 + 48 = 0. Suppose 0 = 4*p - 2*w - 174, -179 = -p - 3*p + w. Calculate the remainder when p is divided by ((-12)/(-5))/((-3)/b).
14
Suppose 0 = 3*q - 4*m - 13 - 8, 6 = 5*q + 3*m. Let u be (2 - q - -1) + 6. Suppose l = u*l - 80. What is the remainder when 31 is divided by l?
15
Let t(i) = i + 21. Suppose 0 = -6*l - 18 + 84. Calculate the remainder when t(0) is divided by l.
10
What is the remainder when ((-2)/(-2))/3*9 is divided by 1?
0
Suppose -170 = -4*m + 118. Suppose -d + m = -3*d. Let k = -19 - d. What is the remainder when 32 is divided by k?
15
Let g(q) = q**3 + 13*q**2 + 16*q + 8. Let y be g(-11). Suppose w = 3*w - y. Calculate the remainder when w is divided by 8.
5
Suppose -3 = -y - 1. Suppose -3*l = -y - 4. Calculate the remainder when 3 is divided by l.
1
Suppose 0 = v - 2 - 1. Suppose -2*h + 4 = -8. Let f = 13 - h. Calculate the remainder when f is divided by v.
1
Let o(t) = -4*t + 5. What is the remainder when 1/(-2*(-1)/38) is divided by o(0)?
4
Let z = 9 - 6. Let 